{"id":12,"date":"2020-10-19T20:48:40","date_gmt":"2020-10-19T18:48:40","guid":{"rendered":"http:\/\/visualduo.be\/?page_id=12"},"modified":"2024-01-21T23:10:47","modified_gmt":"2024-01-21T22:10:47","slug":"visual-duo","status":"publish","type":"page","link":"https:\/\/visualduo.be\/","title":{"rendered":"Accueil"},"content":{"rendered":"<p>[et_pb_section fb_built=&#8221;1&#8243; next_background_color=&#8221;#000000&#8243; admin_label=&#8221;Hero&#8221; _builder_version=&#8221;4.6.5&#8243; background_color=&#8221;#023859&#8243; background_color_gradient_direction=&#8221;271deg&#8221; custom_margin=&#8221;||-47px|||&#8221; custom_padding=&#8221;0px|||||&#8221; bottom_divider_style=&#8221;ramp2&#8243; bottom_divider_height=&#8221;259px&#8221;][et_pb_row _builder_version=&#8221;4.9.4&#8243; _module_preset=&#8221;default&#8221; custom_padding=&#8221;||0px|||&#8221;][et_pb_column type=&#8221;4_4&#8243; _builder_version=&#8221;4.9.4&#8243; _module_preset=&#8221;default&#8221;][et_pb_text _builder_version=&#8221;4.6.5&#8243; _module_preset=&#8221;default&#8221; text_font=&#8221;Montserrat|600|||||||&#8221; text_text_color=&#8221;#FFFFFF&#8221; text_font_size=&#8221;35px&#8221; custom_margin=&#8221;||53px|||&#8221;]<\/p>\n<p style=\"text-align: center;\">&#8211; Visual Duo &#8211;<\/p>\n<p style=\"text-align: center;\">\n<p style=\"text-align: center;\">Communication intellectuelle et culturelle<\/p>\n<p>[\/et_pb_text][\/et_pb_column][\/et_pb_row][\/et_pb_section][et_pb_section fb_built=&#8221;1&#8243; _builder_version=&#8221;4.9.4&#8243; _module_preset=&#8221;default&#8221; background_color=&#8221;#000000&#8243; custom_padding=&#8221;2px||0px|||&#8221;][et_pb_row _builder_version=&#8221;4.6.5&#8243; _module_preset=&#8221;default&#8221;][et_pb_column type=&#8221;4_4&#8243; _builder_version=&#8221;4.9.4&#8243; _module_preset=&#8221;default&#8221;][et_pb_image src=&#8221;https:\/\/visualduo.be\/wp-content\/uploads\/2024\/01\/Nhan-Banniere-e1705836516946.png&#8221; title_text=&#8221;Nh\u00e2n Banni\u00e8re&#8221; _builder_version=&#8221;4.6.5&#8243; _module_preset=&#8221;default&#8221;][\/et_pb_image][\/et_pb_column][\/et_pb_row][et_pb_row _builder_version=&#8221;4.9.4&#8243; _module_preset=&#8221;default&#8221; custom_padding=&#8221;1px||0px|||&#8221;][et_pb_column type=&#8221;4_4&#8243; _builder_version=&#8221;4.9.4&#8243; _module_preset=&#8221;default&#8221;][et_pb_image src=&#8221;https:\/\/visualduo.be\/wp-content\/uploads\/2024\/01\/cropped-Logo-visual-duo.png&#8221; title_text=&#8221;cropped-Logo-visual-duo.png&#8221; align=&#8221;center&#8221; _builder_version=&#8221;4.6.5&#8243; _module_preset=&#8221;default&#8221; width=&#8221;25%&#8221; hover_enabled=&#8221;0&#8243; animation_style=&#8221;roll&#8221; animation_duration=&#8221;2000ms&#8221; animation_delay=&#8221;500ms&#8221; sticky_enabled=&#8221;0&#8243;][\/et_pb_image][\/et_pb_column][\/et_pb_row][et_pb_row _builder_version=&#8221;4.6.5&#8243; _module_preset=&#8221;default&#8221;][et_pb_column type=&#8221;4_4&#8243; _builder_version=&#8221;4.6.5&#8243; _module_preset=&#8221;default&#8221;][et_pb_text _builder_version=&#8221;4.6.5&#8243; _module_preset=&#8221;default&#8221; text_text_color=&#8221;#FFFFFF&#8221; header_text_align=&#8221;left&#8221; width=&#8221;71.4%&#8221; module_alignment=&#8221;center&#8221; custom_margin=&#8221;||-35px|-159px||&#8221; custom_padding=&#8221;8px||0px|||&#8221; inline_fonts=&#8221;Montserrat&#8221;]<\/p>\n<h2 style=\"text-align: center;\"><\/h2>\n<p style=\"text-align: justify;\"><span style=\"font-family: Montserrat;\">Vous trouverez ici, en exemple, quelques travaux et r\u00e9alisations qui m&#8217;ont \u00e9t\u00e9 demand\u00e9s.<\/span><\/p>\n<p style=\"text-align: justify;\"><span style=\"font-family: Montserrat;\">De la consultance en image, plan de communication, cr\u00e9ation de site web, couverture photographique jusqu&#8217;\u00e0 la r\u00e9alisation vid\u00e9o, n&#8217;h\u00e9sitez pas \u00e0 d\u00e9couvrir ces projets.<\/span><\/p>\n<p style=\"text-align: justify;\"><span style=\"font-family: Montserrat;\">Cette activit\u00e9 compl\u00e9mentaire est pour moi un moyen de me challenger quotidiennement dans une activit\u00e9 cr\u00e9ative o\u00f9 mes multiples acquis d&#8217;apprentissage sont sollicit\u00e9s. Bien que la technique en la mati\u00e8re doit \u00eatre toujours renouvel\u00e9e, j&#8217;accorde une importance capitale \u00e0 l&#8217;\u00e9coute et au d\u00e9sir du client. Dans la mesure de mes possibilit\u00e9s, je r\u00e9pondrai au mieux \u00e0 votre demande avec m\u00e9thode et rigueur. Si je ne suis pas apte, \u00a0je vous redirigerai vers un service plus ad\u00e9quat.<\/span><\/p>\n<p style=\"text-align: justify;\"><span style=\"font-family: Montserrat;\">Vous trouverez \u00e9galement des ressources acad\u00e9miques qui permettent de mettre en lumi\u00e8re l&#8217;influence de la technologie sur nos vies et l&#8217;influence sur l&#8217;environnement \u00e9crits par certains coll\u00e8gues<\/span><\/p>\n<p style=\"text-align: justify;\"><span style=\"font-family: Montserrat;\">Je vous souhaite d&#8217;ores et d\u00e9j\u00e0 une bonne visite,<\/span><\/p>\n<p><span style=\"font-family: Montserrat;\">Nh\u00e2n Massart \u00a0\u00a0<\/span><img loading=\"lazy\" decoding=\"async\" src=\"https:\/\/visualduo.be\/wp-content\/uploads\/2021\/05\/linkedin-icon-1106010648-512x154-1-300x90.jpg\" width=\"94\" height=\"28\" alt=\"\" class=\"wp-image-76 alignnone size-medium\" style=\"float: right;\" \/><\/p>\n<p>[\/et_pb_text][\/et_pb_column][\/et_pb_row][et_pb_row column_structure=&#8221;1_2,1_2&#8243; _builder_version=&#8221;4.9.4&#8243; _module_preset=&#8221;default&#8221; custom_padding=&#8221;0px||23px|||&#8221;][et_pb_column type=&#8221;1_2&#8243; _builder_version=&#8221;4.9.4&#8243; _module_preset=&#8221;default&#8221;][\/et_pb_column][et_pb_column type=&#8221;1_2&#8243; _builder_version=&#8221;4.9.4&#8243; _module_preset=&#8221;default&#8221;][et_pb_button button_url=&#8221;https:\/\/www.linkedin.com\/in\/nh\u00e2n-massart-5a374398\/&#8221; button_text=&#8221;Notre premier rendez-vous Digital&#8221; button_alignment=&#8221;center&#8221; _builder_version=&#8221;4.6.5&#8243; _module_preset=&#8221;default&#8221; custom_button=&#8221;on&#8221; button_text_size=&#8221;16px&#8221; button_text_color=&#8221;#FFFFFF&#8221; button_bg_color=&#8221;#59002c&#8221; button_border_width=&#8221;4px&#8221; button_border_color=&#8221;#99004c&#8221; button_border_radius=&#8221;28px&#8221; button_letter_spacing=&#8221;4px&#8221; button_use_icon=&#8221;off&#8221; custom_margin=&#8221;19px|||||&#8221; custom_padding=&#8221;0px|||||&#8221;][\/et_pb_button][\/et_pb_column][\/et_pb_row][\/et_pb_section][et_pb_section fb_built=&#8221;1&#8243; _builder_version=&#8221;4.6.5&#8243; _module_preset=&#8221;default&#8221; background_enable_color=&#8221;off&#8221; background_image=&#8221;https:\/\/visualduo.be\/wp-content\/uploads\/2024\/01\/AdobeStock_239867958.jpeg&#8221; parallax=&#8221;on&#8221; parallax_method=&#8221;off&#8221; custom_padding=&#8221;61px||41px|||&#8221; top_divider_style=&#8221;slant2&#8243; top_divider_color=&#8221;rgba(0,0,0,0)&#8221; top_divider_height=&#8221;102px&#8221;][et_pb_row _builder_version=&#8221;4.9.4&#8243; _module_preset=&#8221;default&#8221; custom_margin=&#8221;|auto|-14px|auto||&#8221;][et_pb_column type=&#8221;4_4&#8243; _builder_version=&#8221;4.9.4&#8243; _module_preset=&#8221;default&#8221;][et_pb_text _builder_version=&#8221;4.6.5&#8243; _module_preset=&#8221;default&#8221; text_font=&#8221;Montserrat|600|||||||&#8221; text_text_color=&#8221;#ffffff&#8221; text_font_size=&#8221;30px&#8221; header_font=&#8221;Montserrat||||||||&#8221; text_text_shadow_style=&#8221;preset2&#8243; text_text_shadow_horizontal_length=&#8221;0.29em&#8221; text_text_shadow_vertical_length=&#8221;0.13em&#8221; text_text_shadow_blur_strength=&#8221;0.19em&#8221; text_text_shadow_color=&#8221;#000000&#8243;]<\/p>\n<p>Actualit\u00e9s &amp; quelques projets<\/p>\n<p>[\/et_pb_text][\/et_pb_column][\/et_pb_row][\/et_pb_section][et_pb_section fb_built=&#8221;1&#8243; _builder_version=&#8221;4.6.5&#8243; _module_preset=&#8221;default&#8221; background_color=&#8221;rgba(66,106,132,0.25)&#8221; custom_margin=&#8221;-3px||7px|||&#8221; custom_padding=&#8221;110px||4px|||&#8221; top_divider_style=&#8221;ramp2&#8243; top_divider_color=&#8221;rgba(0,0,0,0)&#8221; top_divider_height=&#8221;115px&#8221;][et_pb_row column_structure=&#8221;1_2,1_2&#8243; _builder_version=&#8221;4.9.4&#8243; _module_preset=&#8221;default&#8221; custom_padding=&#8221;29px||0px|||&#8221;][et_pb_column type=&#8221;1_2&#8243; _builder_version=&#8221;4.9.4&#8243; _module_preset=&#8221;default&#8221;][et_pb_text _builder_version=&#8221;4.6.5&#8243; _module_preset=&#8221;default&#8221; text_text_color=&#8221;#000000&#8243; inline_fonts=&#8221;Montserrat&#8221;]<\/p>\n<p><span style=\"text-decoration: underline; font-family: Montserrat;\"><strong>Jacques Dr\u00e8ze&#8217;s Lecture<\/strong><\/span><\/p>\n<p><span style=\"font-family: Montserrat;\">Jacques Dr\u00e8ze passed away on the evening of the 25th September, at age 93. Emeritus professor, he was the founder of CORE and its first president in 1966, as well as founding member of the European Economic Association and the European Doctoral Program in Quantitative Economics, among others. Jacques has collaborated during his extraordinary career with the greatest names of the 20th century in economics, including numerous Nobel Laureates. He leaves lasting scientific contributions to general equilibrium, decision theory, game theory, econometrics, and later macroeconomics and economic policy. He also supervised more than 20 PhD thesis.<\/span><\/p>\n<p><span style=\"text-decoration: underline; font-family: Montserrat;\">Montage technique :\u00a0Eclairage, d\u00e9coration, sonorisation, captation en direct<\/span><\/p>\n<p>&nbsp;<\/p>\n<p>&nbsp;<\/p>\n<p>[\/et_pb_text][\/et_pb_column][et_pb_column type=&#8221;1_2&#8243; _builder_version=&#8221;4.9.4&#8243; _module_preset=&#8221;default&#8221;][et_pb_video src=&#8221;https:\/\/youtu.be\/khwMlP-tlV8?si=XIqxRlZ3CMp2y73P&#8221; _builder_version=&#8221;4.9.4&#8243; _module_preset=&#8221;default&#8221;][\/et_pb_video][\/et_pb_column][\/et_pb_row][et_pb_row column_structure=&#8221;1_2,1_2&#8243; _builder_version=&#8221;4.9.4&#8243; _module_preset=&#8221;default&#8221; custom_padding=&#8221;29px||0px|||&#8221;][et_pb_column type=&#8221;1_2&#8243; _builder_version=&#8221;4.9.4&#8243; _module_preset=&#8221;default&#8221;][et_pb_text _builder_version=&#8221;4.6.5&#8243; _module_preset=&#8221;default&#8221; text_text_color=&#8221;#000000&#8243; inline_fonts=&#8221;Montserrat&#8221;]<\/p>\n<p><span style=\"font-size: 14px; font-family: Montserrat;\"><b><u>Trio Jenlis <\/u><\/b><\/span><\/p>\n<p><span style=\"font-family: Montserrat;\"><span style=\"font-size: 14px;\">Le Trio Jenlis est compos\u00e9 de trois fr\u00e8re et s\u0153urs; Axel\u00a0violoncelliste, Mathilde violoniste et H\u00e9lo\u00efse harpiste.<\/span><span class=\"wixui-rich-text__text\">Ils offrent au public des moments musicaux uniques gr\u00e2ce \u00e0 leur complicit\u00e9 familiale et \u00e0 l\u2019harmonie in\u00e9dite de leurs instruments. <\/span><\/span><\/p>\n<p class=\"font_7 wixui-rich-text__text\"><span class=\"wixui-rich-text__text\" style=\"font-family: Montserrat;\">Ils sont tous les trois dipl\u00f4m\u00e9s de conservatoires sup\u00e9rieurs internationaux.<\/span><\/p>\n<p><span style=\"font-family: Montserrat;\">\u00a0<\/span><\/p>\n<p><span style=\"text-decoration: underline; font-family: Montserrat;\">Montage technique : Captation multi-cam\u00e9ras, \u00e9clairages (back &amp; front light)\u00a0<\/span><\/p>\n<p><span style=\"font-family: Montserrat;\">\u00a0<\/span><\/p>\n<p>&nbsp;<\/p>\n<p>[\/et_pb_text][\/et_pb_column][et_pb_column type=&#8221;1_2&#8243; _builder_version=&#8221;4.9.4&#8243; _module_preset=&#8221;default&#8221;][et_pb_video src=&#8221;https:\/\/www.youtube.com\/watch?v=rdp60Sbdz8c&#8221; _builder_version=&#8221;4.9.4&#8243; _module_preset=&#8221;default&#8221;][\/et_pb_video][\/et_pb_column][\/et_pb_row][et_pb_row column_structure=&#8221;1_2,1_2&#8243; _builder_version=&#8221;4.9.4&#8243; _module_preset=&#8221;default&#8221; custom_padding=&#8221;29px||0px|||&#8221;][et_pb_column type=&#8221;1_2&#8243; _builder_version=&#8221;4.9.4&#8243; _module_preset=&#8221;default&#8221;][et_pb_text _builder_version=&#8221;4.6.5&#8243; _module_preset=&#8221;default&#8221; text_text_color=&#8221;#000000&#8243; inline_fonts=&#8221;Montserrat&#8221;]<\/p>\n<p><span style=\"text-decoration: underline; font-family: Montserrat;\"><strong>Les 40 ans de l&#8217;ASBL Empreintes<\/strong><\/span><\/p>\n<p><span style=\"font-family: Montserrat;\">\u00a0<\/span><\/p>\n<p><span style=\"font-family: Montserrat;\">La r\u00e9ussite de ce bel \u00e9v\u00e9nement tient aussi \u00e0 ce que vous avez apport\u00e9 : votre attention, vos sourires, votre participation aux activit\u00e9s propos\u00e9es, vos retours enthousiastes !<\/span><\/p>\n<p><span style=\"font-family: Montserrat;\">En attendant, <span class=\"il\">Empreintes<\/span> continue avec vous son action. Ad\u00e9la\u00efde Charlier a insist\u00e9 : c\u2019est maintenant qu\u2019il faut agir. Plus que jamais, toutes et tous acteurs de nos environnements !<\/span><\/p>\n<p><span style=\"font-family: Montserrat;\"><\/span><\/p>\n<p><span style=\"text-decoration: underline;\">Montage de la technique : micro sans fil, \u00e9cran, \u00e9clairage<\/span><\/p>\n<p><span><\/span><\/p>\n<p>&nbsp;<\/p>\n<p>&nbsp;<\/p>\n<p>[\/et_pb_text][\/et_pb_column][et_pb_column type=&#8221;1_2&#8243; _builder_version=&#8221;4.9.4&#8243; _module_preset=&#8221;default&#8221;][et_pb_image src=&#8221;https:\/\/visualduo.be\/wp-content\/uploads\/2022\/05\/DSCF1872-scaled.jpg&#8221; title_text=&#8221;DSCF1872&#8243; _builder_version=&#8221;4.9.4&#8243; _module_preset=&#8221;default&#8221;][\/et_pb_image][\/et_pb_column][\/et_pb_row][\/et_pb_section][et_pb_section fb_built=&#8221;1&#8243; _builder_version=&#8221;4.6.5&#8243; _module_preset=&#8221;default&#8221; background_color=&#8221;rgba(66,106,132,0.25)&#8221; custom_margin=&#8221;-6px||7px|||&#8221; custom_padding=&#8221;0px||0px|||&#8221;][et_pb_row column_structure=&#8221;1_2,1_2&#8243; _builder_version=&#8221;4.9.4&#8243; _module_preset=&#8221;default&#8221; custom_padding=&#8221;29px||0px|||&#8221;][et_pb_column type=&#8221;1_2&#8243; _builder_version=&#8221;4.9.4&#8243; _module_preset=&#8221;default&#8221;][et_pb_text _builder_version=&#8221;4.6.5&#8243; _module_preset=&#8221;default&#8221; text_text_color=&#8221;#000000&#8243; inline_fonts=&#8221;Montserrat&#8221;]<\/p>\n<p><span style=\"text-decoration: underline; font-family: Montserrat;\"><strong>Zoom live &amp; interview CEO of POLITICO &#8211; Session Lead<\/strong><\/span><\/p>\n<p><span style=\"font-family: Montserrat;\">Sh\u00e9h\u00e9razade Semsar-de Boiss\u00e9son is CEO of POLITICO in Europe, a joint venture between POLITICO and Axel Springer.<\/span><\/p>\n<p><span style=\"font-family: Montserrat;\">Sh\u00e9h\u00e9razade was previously owner and publisher of European Voice, the leading media in Brussels covering EU policy, which she acquired from the Economist Group in 2013. In December 2014, POLITICO and Axel Springer jointly acquired European Voice and Paris-based Development Institute International (Dii), France\u2019s leading event promoter in the public affairs space, a business Sh\u00e9h\u00e9razade co-founded in 1993.<\/span><\/p>\n<p>&nbsp;<\/p>\n<p>[\/et_pb_text][\/et_pb_column][et_pb_column type=&#8221;1_2&#8243; _builder_version=&#8221;4.9.4&#8243; _module_preset=&#8221;default&#8221;][et_pb_text _builder_version=&#8221;4.9.4&#8243; _module_preset=&#8221;default&#8221;]<\/p>\n<p><img loading=\"lazy\" decoding=\"async\" src=\"https:\/\/visualduo.be\/wp-content\/uploads\/2021\/05\/Capture-decran-2021-05-28-a-11.29.46-227x300.png\" width=\"228\" height=\"301\" alt=\"\" class=\"wp-image-87 alignnone size-medium\" \/><img loading=\"lazy\" decoding=\"async\" src=\"https:\/\/visualduo.be\/wp-content\/uploads\/2021\/05\/Capture-decran-2021-05-28-a-11.30.01-237x300.png\" width=\"237\" height=\"300\" alt=\"\" class=\"wp-image-88 alignnone size-medium\" \/><\/p>\n<p>[\/et_pb_text][\/et_pb_column][\/et_pb_row][\/et_pb_section][et_pb_section fb_built=&#8221;1&#8243; _builder_version=&#8221;4.6.5&#8243; _module_preset=&#8221;default&#8221; background_color=&#8221;rgba(66,106,132,0.25)&#8221; custom_margin=&#8221;-6px||1px|||&#8221; custom_padding=&#8221;0px||22px|||&#8221;][et_pb_row column_structure=&#8221;1_2,1_2&#8243; _builder_version=&#8221;4.9.4&#8243; _module_preset=&#8221;default&#8221; custom_padding=&#8221;||0px|||&#8221;][et_pb_column type=&#8221;1_2&#8243; _builder_version=&#8221;4.9.4&#8243; _module_preset=&#8221;default&#8221;][et_pb_text _builder_version=&#8221;4.6.5&#8243; _module_preset=&#8221;default&#8221; text_text_color=&#8221;#000000&#8243;]<\/p>\n<p><span style=\"text-decoration: underline;\"><strong>\u00c7a slame \u00e0 l&#8217;Orchestre<\/strong> <\/span><\/p>\n<p><span>Entre une sc\u00e8ne accueillant des musiciens d\u2019orchestre et le slam (la po\u00e9sie urbaine parl\u00e9e sur un rythme scand\u00e9), il n\u2019y a qu\u2019un pas. L\u2019OPRL et les slameurs de l\u2019ASBL La Zone l\u2019ont franchi, en permettant \u00e0 la musique classique et \u00e0 la po\u00e9sie d\u2019aujourd\u2019hui de se rencontrer. Chacun des slameurs a choisi un \u00ab tube \u00bb du r\u00e9pertoire symphonique qui lui inspire un texte, un rythme, des rimes. Un dialogue des cultures plac\u00e9 sous la direction de S\u00e9bastien Lemaire.<\/span><\/p>\n<p><span style=\"text-decoration: underline;\">Captation vid\u00e9o, mixage son et montage<\/span><span><\/span><\/p>\n<p><span><\/span><\/p>\n<p>[\/et_pb_text][\/et_pb_column][et_pb_column type=&#8221;1_2&#8243; _builder_version=&#8221;4.9.4&#8243; _module_preset=&#8221;default&#8221;][et_pb_video src=&#8221;https:\/\/www.youtube.com\/watch?v=kvEM6b0icC8&#8243; _builder_version=&#8221;4.9.4&#8243; _module_preset=&#8221;default&#8221;][\/et_pb_video][\/et_pb_column][\/et_pb_row][\/et_pb_section][et_pb_section fb_built=&#8221;1&#8243; _builder_version=&#8221;4.6.5&#8243; _module_preset=&#8221;default&#8221; background_color=&#8221;rgba(66,106,132,0.25)&#8221; custom_padding=&#8221;2px||0px|||&#8221;][et_pb_row column_structure=&#8221;1_2,1_2&#8243; _builder_version=&#8221;4.9.4&#8243; _module_preset=&#8221;default&#8221; custom_margin=&#8221;-14px|auto||auto||&#8221; custom_padding=&#8221;||7px|||&#8221;][et_pb_column type=&#8221;1_2&#8243; _builder_version=&#8221;4.9.4&#8243; _module_preset=&#8221;default&#8221;][et_pb_text _builder_version=&#8221;4.6.5&#8243; _module_preset=&#8221;default&#8221; text_text_color=&#8221;#000000&#8243; inline_fonts=&#8221;Montserrat&#8221;]<\/p>\n<p><span style=\"text-decoration: underline; font-family: Montserrat;\"><strong>Colloque international sur les intellectuels et l&#8217;Europe\u00a0<\/strong><\/span><\/p>\n<p><span style=\"font-family: Montserrat;\"><\/span><\/p>\n<div class=\"page\" title=\"Page 1\">\n<div class=\"layoutArea\">\n<div class=\"column\">\n<p><span style=\"font-family: Montserrat;\">Le 14 mars 2018, un colloque sur le the\u0300me des intellectuels et l\u2019Europe s\u2019est tenu a\u0300 l\u2019Universite\u0301 catholique de Louvain. Organise\u0301 conjointement par la Chaire Velge \u00ab European Values \u00bb et les se\u0301minaires Paul-Henri Spaak, il a re\u0301uni plusieurs professeurs et chercheurs internationaux devant un public de 120 personnes environ. Apre\u0300s une introduction, le colloque a d\u2019abord e\u0301te\u0301 consacre\u0301 aux intellectuels du XXe sie\u0300cle et l\u2019Europe. Le panel de l\u2019apre\u0300s-midi a ensuite accueilli des penseurs d\u2019aujourd\u2019hui qui ont e\u0301change\u0301 leurs vues sur l\u2019Europe. Leur discussion s\u2019est articule\u0301e autour des valeurs de la pluralite\u0301, la liberte\u0301, la souverainete\u0301 et l\u2019identite\u0301.<\/span><\/p>\n<p><span style=\"text-decoration: underline; font-family: Montserrat;\">Reportage photos\u00a0<\/span><\/p>\n<p><span><\/span><\/p>\n<p><span><\/span><\/p>\n<\/div>\n<\/div>\n<\/div>\n<p>[\/et_pb_text][\/et_pb_column][et_pb_column type=&#8221;1_2&#8243; _builder_version=&#8221;4.9.4&#8243; _module_preset=&#8221;default&#8221;][et_pb_image src=&#8221;https:\/\/visualduo.be\/wp-content\/uploads\/2021\/05\/P1277034101-2.jpg&#8221; title_text=&#8221;P1277034%9110%93%911%93-2&#8243; _builder_version=&#8221;4.9.4&#8243; _module_preset=&#8221;default&#8221;][\/et_pb_image][\/et_pb_column][\/et_pb_row][et_pb_row column_structure=&#8221;1_2,1_2&#8243; _builder_version=&#8221;4.9.4&#8243; _module_preset=&#8221;default&#8221; custom_margin=&#8221;-14px|auto||auto||&#8221; custom_padding=&#8221;||7px|||&#8221;][et_pb_column type=&#8221;1_2&#8243; _builder_version=&#8221;4.9.4&#8243; _module_preset=&#8221;default&#8221;][et_pb_text _builder_version=&#8221;4.6.5&#8243; _module_preset=&#8221;default&#8221; text_text_color=&#8221;#000000&#8243; inline_fonts=&#8221;Montserrat&#8221;]<\/p>\n<p><span style=\"font-family: Montserrat;\"><b><u>Didier Reynders &#8211; vers une alliance euro-africaine<\/u><\/b><\/span><\/p>\n<p><span style=\"font-family: Montserrat;\">L\u2019Universit\u00e9 Internationale de Rabat aura le plaisir de recevoir M. Didier Reynders, Vice-Premier Ministre et ministre des Affaires Etrang\u00e8res du Royaume de Belgique \ud83c\udde7\ud83c\uddea \ufe0f, le mardi 27 novembre 2018 d\u00e8s 18 H. Il animera une conf\u00e9rence exceptionnelle \u00e0 l\u2019attention des \u00e9tudiants, du corps professoral et invit\u00e9s de l\u2019universit\u00e9, sur le th\u00e8me : \u00ab Vers une alliance euro-africaine : d\u00e9fis communs et perspectives \u00bb. M. Didier Reynders pr\u00e9sentera lors de cette conf\u00e9rence sa vision sur le rapport triangulaire Europe-Afrique-Maroc et sur les d\u00e9fis et les enjeux de cette alliance strat\u00e9gique aujourd\u2019hui et pour les ann\u00e9es \u00e0 venir. \u00c0 l\u2019issue de son allocution, une session de questions-r\u00e9ponses sera organis\u00e9e avec les \u00e9tudiants de l\u2019UIR.<\/span><\/p>\n<p><span style=\"text-decoration: underline; font-family: Montserrat;\">Captation live stream\u00a0<\/span><\/p>\n<p>&nbsp;<\/p>\n<p>[\/et_pb_text][\/et_pb_column][et_pb_column type=&#8221;1_2&#8243; _builder_version=&#8221;4.9.4&#8243; _module_preset=&#8221;default&#8221;][et_pb_video src=&#8221;https:\/\/youtu.be\/AzejRWC_I-0?si=9Dx9CFNSAReT4cdj&#8221; _builder_version=&#8221;4.9.4&#8243; _module_preset=&#8221;default&#8221;][\/et_pb_video][\/et_pb_column][\/et_pb_row][\/et_pb_section]<\/p>\n","protected":false},"excerpt":{"rendered":"<p>[et_pb_section fb_built=&#8221;1&#8243; next_background_color=&#8221;#000000&#8243; admin_label=&#8221;Hero&#8221; _builder_version=&#8221;4.6.5&#8243; background_color=&#8221;#023859&#8243; background_color_gradient_direction=&#8221;271deg&#8221; custom_margin=&#8221;||-47px|||&#8221; custom_padding=&#8221;0px|||||&#8221; bottom_divider_style=&#8221;ramp2&#8243; bottom_divider_height=&#8221;259px&#8221;][et_pb_row _builder_version=&#8221;4.9.4&#8243; _module_preset=&#8221;default&#8221; custom_padding=&#8221;||0px|||&#8221;][et_pb_column type=&#8221;4_4&#8243; _builder_version=&#8221;4.9.4&#8243; _module_preset=&#8221;default&#8221;][et_pb_text _builder_version=&#8221;4.6.5&#8243; _module_preset=&#8221;default&#8221; text_font=&#8221;Montserrat|600|||||||&#8221; text_text_color=&#8221;#FFFFFF&#8221; text_font_size=&#8221;35px&#8221; custom_margin=&#8221;||53px|||&#8221;] &#8211; Visual Duo &#8211; Communication intellectuelle et culturelle [\/et_pb_text][\/et_pb_column][\/et_pb_row][\/et_pb_section][et_pb_section fb_built=&#8221;1&#8243; _builder_version=&#8221;4.9.4&#8243; _module_preset=&#8221;default&#8221; background_color=&#8221;#000000&#8243; custom_padding=&#8221;2px||0px|||&#8221;][et_pb_row _builder_version=&#8221;4.6.5&#8243; _module_preset=&#8221;default&#8221;][et_pb_column type=&#8221;4_4&#8243; _builder_version=&#8221;4.9.4&#8243; _module_preset=&#8221;default&#8221;][et_pb_image src=&#8221;https:\/\/visualduo.be\/wp-content\/uploads\/2024\/01\/Nhan-Banniere-e1705836516946.png&#8221; title_text=&#8221;Nh\u00e2n Banni\u00e8re&#8221; _builder_version=&#8221;4.6.5&#8243; _module_preset=&#8221;default&#8221;][\/et_pb_image][\/et_pb_column][\/et_pb_row][et_pb_row _builder_version=&#8221;4.9.4&#8243; _module_preset=&#8221;default&#8221; custom_padding=&#8221;1px||0px|||&#8221;][et_pb_column type=&#8221;4_4&#8243; _builder_version=&#8221;4.9.4&#8243; _module_preset=&#8221;default&#8221;][et_pb_image src=&#8221;https:\/\/visualduo.be\/wp-content\/uploads\/2024\/01\/cropped-Logo-visual-duo.png&#8221; title_text=&#8221;cropped-Logo-visual-duo.png&#8221; [&hellip;]<\/p>\n","protected":false},"author":1,"featured_media":0,"parent":0,"menu_order":0,"comment_status":"closed","ping_status":"closed","template":"","meta":{"_et_pb_use_builder":"on","_et_pb_old_content":"","_et_gb_content_width":"","footnotes":""},"_links":{"self":[{"href":"https:\/\/visualduo.be\/index.php?rest_route=\/wp\/v2\/pages\/12"}],"collection":[{"href":"https:\/\/visualduo.be\/index.php?rest_route=\/wp\/v2\/pages"}],"about":[{"href":"https:\/\/visualduo.be\/index.php?rest_route=\/wp\/v2\/types\/page"}],"author":[{"embeddable":true,"href":"https:\/\/visualduo.be\/index.php?rest_route=\/wp\/v2\/users\/1"}],"replies":[{"embeddable":true,"href":"https:\/\/visualduo.be\/index.php?rest_route=%2Fwp%2Fv2%2Fcomments&post=12"}],"version-history":[{"count":44,"href":"https:\/\/visualduo.be\/index.php?rest_route=\/wp\/v2\/pages\/12\/revisions"}],"predecessor-version":[{"id":295,"href":"https:\/\/visualduo.be\/index.php?rest_route=\/wp\/v2\/pages\/12\/revisions\/295"}],"wp:attachment":[{"href":"https:\/\/visualduo.be\/index.php?rest_route=%2Fwp%2Fv2%2Fmedia&parent=12"}],"curies":[{"name":"wp","href":"https:\/\/api.w.org\/{rel}","templated":true}]}}